 s?
13
Let l be -1*(4 - 0) + 1. Let b be 6/(l/((-21)/(-2))). Let f = 54 - b. What is the greatest common factor of 30 and f?
15
Let u be 6 + (-1)/(6/72*-2). Calculate the highest common factor of u and 492.
12
Suppose -17*i + 10*i + 112 = 0. Suppose 4*a = 5*x + 11, -a - i = -2*x - 3*x. What is the highest common factor of 81 and a?
9
Suppose -g - 5*z = -19, -3*g - 10 = -4*g + 4*z. Let a(d) = d**2 - 12*d - 3. Let u be a(g). What is the greatest common factor of 5 and u?
5
Suppose 34 = 3*d - 2. Let q be (-42)/(-5) - d/(-20). Let p be ((-552)/161)/(2/(-42)). Calculate the highest common divisor of p and q.
9
Suppose 5*n - n = -4. Suppose -v - 3*v = -32. Let o = v + n. Calculate the greatest common divisor of o and 49.
7
Let n(z) = z**3 + 13*z**2 + 7*z + 12. Let u be n(-12). Let p be (-2 - 1)*(-7)/3. Let w = p + 1. What is the highest common factor of u and w?
8
Suppose 550 = 5*d + p + 94, 176 = 2*d + 2*p. Let f be -2 + d/8*20. Calculate the greatest common divisor of 19 and f.
19
Let k be ((-35)/(-20))/((-2)/(-16)). Suppose 409 = 2*j - 181. Let s = 449 - j. Calculate the highest common divisor of k and s.
14
Let p = 222 + -82. Let g = p + -116. Calculate the greatest common factor of 32 and g.
8
Let x = 25 + -13. Suppose 0 = -2*h + v, -2*h + 2*v = -2*v + x. Let o(z) = z + 3. Let s be o(0). Calculate the highest common factor of h and s.
1
Let y(l) = 83*l + 11. Let i be y(-3). Let r = -28 - i. Calculate the greatest common divisor of 21 and r.
21
Suppose 3*g = -b + 6, -g + b + 2 = -4. Suppose -g*l - 4*q + 36 = 0, -8*q + 5*q + 24 = 2*l. Calculate the highest common factor of 48 and l.
12
Let d = -11 - -21. Let x be d - (3 + -1 + -1). Let s be 84/x - 1/3. Calculate the highest common divisor of s and 1.
1
Let b(n) = n**2 - 11*n + 6. Let s be b(11). Suppose -2*o = -6 - 6. Let w be (-9)/o + 30/4. Calculate the highest common factor of w and s.
6
Let q(d) be the first derivative of -95*d**2/2 + 8. Let g be q(-3). Suppose -a - 4*a = -g. What is the greatest common factor of a and 19?
19
Let j be 4 - 4 - -829 - (0 + 1). Suppose -8*y = -684 - j. Calculate the greatest common factor of y and 21.
21
Let b be 2/4*(-29 - -55). Calculate the highest common factor of 819 and b.
13
Suppose d + 0 = 19. Let z be 3*3/18*-1*-10. Suppose -3*b + d = 4*t, 2*b = 3*b - z*t. Calculate the greatest common divisor of 20 and b.
5
Let t(w) = -w**2 + 15*w - 10. Let l be t(9). Suppose 5*u = -2*c + 34, 21*c - 19*c - 38 = -3*u. Calculate the greatest common factor of l and c.
22
Suppose 0 = -4*k - 3 - 41. Let j = k + -5. Let f = 20 + j. Calculate the greatest common factor of f and 10.
2
Let s = -5 - -9. Suppose -p - 17 = -2*p + l, -5*p = -s*l - 85. Calculate the greatest common divisor of 17 and p.
17
Let v(x) = -x**3 - 9*x**2 + 11*x + 11. Let s be v(-10). Let o be 2/(-3)*(-17 - s). Calculate the highest common divisor of o and 96.
12
Let w be (-1)/((-12)/(-15) - 1). Suppose -w*u = 4*z - 166, z - u = 6*z - 218. Calculate the greatest common divisor of z and 132.
44
Let a = -533 - -558. Calculate the highest common divisor of 1800 and a.
25
Let m be (-14)/5 - -2 - (-327)/15. Let u be 4/(-6) + 455/m. What is the greatest common divisor of u and 7?
7
Suppose -10 = -5*r - 40. Let s = r + 14. Let q = s + 20. What is the highest common divisor of 4 and q?
4
Let m be 0 - (-11)/110 - 3898/(-20). What is the greatest common factor of 26 and m?
13
Suppose 104 = 2*j + 2*w, -2*j + 240 = 2*j - 4*w. Let l = 6 + 4. Suppose -3*a + 11 = -l. What is the greatest common factor of j and a?
7
Suppose 5*b + 3*m - 55 = 0, 2*b - m = -3*m + 26. Suppose -7*a - 186 = 500. Let u = 106 + a. Calculate the greatest common factor of b and u.
8
Suppose 0 = -4*v - 5*w - 8, -w = -2*v + 2*w + 18. Let o be (v - 140/15)*-3. What is the highest common divisor of 57 and o?
19
Suppose 118*g - 125*g + 14602 = 0. Calculate the highest common divisor of 14 and g.
14
Let b(z) = 4*z - 3. Let y be b(-5). Let t be 2 + -2 - (y - 2). Let c(a) = -a**2 + 3*a + 50. Let p be c(-5). Calculate the highest common factor of p and t.
5
Suppose -97 = 25*t - 1118 - 104. Let v(u) = 45*u. Let c be v(1). Suppose -c = 4*i - 9*i. Calculate the greatest common divisor of t and i.
9
Let m = -45 + 98. Suppose 3*f = -3*q + 48, 2*q - 7 = 5*f + 4. Let d be m/2 - q/26. Calculate the greatest common divisor of d and 13.
13
Let d be 22 + -19 - (-71)/1. What is the greatest common divisor of d and 37?
37
Suppose -39*a + 84906 = 14*a. What is the greatest common divisor of 18 and a?
18
Suppose -p + 3*j + 62 = -45, -2*p + 174 = 2*j. Suppose -4*n = n + 230. Let v be (n/8)/(-1)*-2*-2. What is the greatest common divisor of v and p?
23
Let s = -466 + 668. Suppose 4*f - s = 3*x, 4*x = 11 - 3. Calculate the greatest common divisor of 260 and f.
52
Suppose 2*x + 42 = -0*t + 4*t, 0 = -3*x - 15. Let u = 1873 - 1863. Calculate the highest common divisor of u and t.
2
Let v be 12/16*2*2. Suppose v*s - 34 = -5*d + 24, 2*s + 64 = 4*d. Let f be ((-4)/(-6))/(d/231). Calculate the greatest common factor of f and 44.
11
Let s be 3/2*(-14)/(-7). Suppose 4*y - 84 = c - s*c, 5 = 5*y. Suppose -6 = d - 16. Calculate the greatest common divisor of d and c.
10
Let k(o) = -o + 130. Let a be k(0). Suppose 0 = 5*m + 172 - 67. Let i = -8 - m. What is the greatest common factor of a and i?
13
Suppose -2*k - 4992 = -34*k. Calculate the greatest common factor of 260 and k.
52
Let l(d) = d**3 + 7*d**2 - 2*d - 1. Let a be l(-7). Suppose 761*p - 758*p - 51 = 0. Let x = a + p. What is the highest common factor of x and 90?
30
Let l(v) be the second derivative of v**4/12 - v**3/3 + 7*v**2 + 5*v. Let z be l(0). Calculate the highest common factor of 70 and z.
14
Suppose -c - 1179 = 8*c. Let p = c - -271. Calculate the greatest common factor of p and 28.
28
Let v(p) = 4*p**3 + 70*p**2 + 15*p + 1. Let r be v(-11). Calculate the highest common divisor of 42 and r.
42
Suppose -5*d = 3*v + 1 - 121, -4*d + v + 113 = 0. Suppose 5*c - 48 = -123. Let l be -3 + c/2*-4. Calculate the greatest common divisor of l and d.
27
Let q = 47 - 57. Let h be 1/2 + (-5 - 1585/q). What is the greatest common divisor of 14 and h?
14
Let m = -201 - -1163. What is the highest common divisor of 26 and m?
26
Suppose -68 = -3*i - n + 54, -2*i + 2*n = -92. What is the highest common factor of 70 and i?
14
Let p = -196 - -292. Calculate the greatest common divisor of p and 120.
24
Let b(y) = -2*y**3 + y + 7. Let k(q) = 3*q**3 - q**2 - 2*q - 15. Let j(h) = 7*b(h) + 3*k(h). Let t be j(-2). Calculate the highest common divisor of 270 and t.
30
Let m be 3/(-6)*(-12 + -50 + -10). Calculate the highest common divisor of m and 144.
36
Suppose 6*c = -3*c + 9774. Calculate the highest common factor of 6 and c.
6
Let l be 3/(-2)*(-24)/18. Suppose -3*p - w + l = 0, -5*p + 2*w - w = -14. Suppose -2*z + d = -6*z + 3, -5 = 5*d. What is the greatest common factor of z and p?
1
Let b = 1297 - 964. What is the highest common factor of 703 and b?
37
Let a be (-13)/(-2) + (-2)/12*3. Suppose u + a - 14 = 0. Calculate the highest common divisor of u and 32.
8
Let k(i) = -7*i + 3 + 8*i - 28*i. Let c be k(-1). Calculate the highest common factor of c and 20.
10
Suppose 74 = p + 3*r, -4*p + r - 2*r + 340 = 0. Let a = p - 76. What is the highest common factor of 40 and a?
10
Let v = 26 + -51. Suppose 5*i = 2*i - 3*y - 39, -i - 4*y - 22 = 0. Let m = i - v. Calculate the highest common factor of 15 and m.
15
Let b = -1330 + 1331. What is the greatest common factor of b and 8?
1
Let n(b) = -b**3 + 7*b**2 - 4*b + 1. Let m be n(6). Let h(g) = -162*g - 311. Let w be h(-2). Calculate the greatest common factor of w and m.
13
Let n = 251 - 240. What is the highest common factor of n and 121?
11
Suppose 2*d = 4*d + 140. Let w = -54 - d. Calculate the greatest common factor of w and 4.
4
Suppose 4*b - 2*c - 1148 = 0, -2*c + 1 + 3 = 0. Let f be 2/1*3 + -4. Suppose -k = -4*x + 59 + 71, f = -k. Calculate the highest common divisor of b and x.
32
Suppose -37*r + 67 = -377. What is the highest common factor of 2292 and r?
12
Suppose 20*b = 16*b + 24. Let v be (-26 - 2)/((-12)/b). Calculate the highest common factor of v and 28.
14
Let r(q) = 5*q**2 + 16*q - 180. Let w be r(7). Calculate the highest common divisor of 59 and w.
59
Suppose 4*s - 4*q = -0*q + 